{"id":1044,"date":"2024-07-13T08:38:09","date_gmt":"2024-07-13T08:38:09","guid":{"rendered":"https:\/\/lanzamientos.academiabolonia.com\/?page_id=1044"},"modified":"2024-07-13T09:38:04","modified_gmt":"2024-07-13T09:38:04","slug":"masterclass-webinar-youtube","status":"publish","type":"page","link":"https:\/\/lanzamientos.academiabolonia.com\/index.php\/masterclass-webinar-youtube\/","title":{"rendered":"masterclass webinar YouTube"},"content":{"rendered":"\n<p><\/p>\n\n\n\n<div class=\"wp-block-group alignfull has-secondary-background-color has-background\"><div class=\"wp-block-group__inner-container is-layout-flow wp-block-group-is-layout-flow\">\n<h2 class=\"wp-block-heading has-text-align-center has-text-color\" style=\"color:#ffffff\">LAS 3 CLAVES QUE DIFERENCIAN A LOS OPOSITORES DE 10<\/h2>\n\n\n\n<p class=\"has-text-align-center has-tertiary-color has-text-color\">Hemos creado este video para aportar el m\u00e1ximo valor a los futuros opositores. <\/p>\n\n\n\n<p class=\"has-text-align-center has-tertiary-color has-text-color\">Hablaremos sobre muchas de las partes que componen el \u00e9xito a la hora de afrontar una oposici\u00f3n como la de maestros, por lo que te recomiendo que te permitas 10 minutos de tranquilidad, sin distracciones, un ratito para t\u00ed. Seguro que sacar\u00e1s buenas ideas para tu propia preparaci\u00f3n.<\/p>\n<\/div><\/div>\n\n\n\n<figure class=\"wp-block-embed is-type-video is-provider-youtube wp-block-embed-youtube wp-embed-aspect-16-9 wp-has-aspect-ratio\"><div class=\"wp-block-embed__wrapper\">\n<iframe loading=\"lazy\" title=\"Las 3 claves que diferencian a los opositores de 10\" width=\"620\" height=\"349\" src=\"https:\/\/www.youtube.com\/embed\/qy6Fs7YhUc4?feature=oembed\" frameborder=\"0\" allow=\"accelerometer; autoplay; clipboard-write; encrypted-media; gyroscope; picture-in-picture; web-share\" referrerpolicy=\"strict-origin-when-cross-origin\" allowfullscreen><\/iframe>\n<\/div><\/figure>\n\n\n\n<h6 class=\"wp-block-heading has-text-align-center has-text-color\" style=\"color:#d7d7d7\"><\/h6>\n\n\n\n<div class=\"wp-block-buttons is-content-justification-center is-layout-flex wp-container-core-buttons-is-layout-16018d1d wp-block-buttons-is-layout-flex\">\n<div class=\"wp-block-button\"><a class=\"wp-block-button__link wp-element-button\" href=\"https:\/\/calendly.com\/academia-bolonia\/maestros\">agendar llamada<\/a><\/div>\n<\/div>\n","protected":false},"excerpt":{"rendered":"<p>LAS 3 CLAVES QUE DIFERENCIAN A LOS OPOSITORES DE 10 Hemos creado este video para aportar el m\u00e1ximo valor a los futuros opositores. Hablaremos sobre muchas de las partes que componen el \u00e9xito a la hora de afrontar una oposici\u00f3n como la de maestros, por lo que te recomiendo que te permitas 10 minutos de<a class=\"more-link\" href=\"https:\/\/lanzamientos.academiabolonia.com\/index.php\/masterclass-webinar-youtube\/\">Seguir leyendo <span class=\"screen-reader-text\">\u00abmasterclass webinar YouTube\u00bb<\/span><\/a><\/p>\n","protected":false},"author":1,"featured_media":0,"parent":0,"menu_order":0,"comment_status":"closed","ping_status":"closed","template":"","meta":{"footnotes":""},"class_list":["post-1044","page","type-page","status-publish","hentry","entry"],"_links":{"self":[{"href":"https:\/\/lanzamientos.academiabolonia.com\/index.php\/wp-json\/wp\/v2\/pages\/1044","targetHints":{"allow":["GET"]}}],"collection":[{"href":"https:\/\/lanzamientos.academiabolonia.com\/index.php\/wp-json\/wp\/v2\/pages"}],"about":[{"href":"https:\/\/lanzamientos.academiabolonia.com\/index.php\/wp-json\/wp\/v2\/types\/page"}],"author":[{"embeddable":true,"href":"https:\/\/lanzamientos.academiabolonia.com\/index.php\/wp-json\/wp\/v2\/users\/1"}],"replies":[{"embeddable":true,"href":"https:\/\/lanzamientos.academiabolonia.com\/index.php\/wp-json\/wp\/v2\/comments?post=1044"}],"version-history":[{"count":2,"href":"https:\/\/lanzamientos.academiabolonia.com\/index.php\/wp-json\/wp\/v2\/pages\/1044\/revisions"}],"predecessor-version":[{"id":1047,"href":"https:\/\/lanzamientos.academiabolonia.com\/index.php\/wp-json\/wp\/v2\/pages\/1044\/revisions\/1047"}],"wp:attachment":[{"href":"https:\/\/lanzamientos.academiabolonia.com\/index.php\/wp-json\/wp\/v2\/media?parent=1044"}],"curies":[{"name":"wp","href":"https:\/\/api.w.org\/{rel}","templated":true}]}}